digit of f?
7
What is the tens digit of 60/8*178/5?
6
Let x(z) = 2*z**3 + 9*z**2 - 29*z + 5. What is the units digit of x(6)?
7
Let h = -982 - -3262. What is the tens digit of h?
8
Let r = 10 - 14. Let z = 10 + r. Suppose -2*h - 8 = 0, -4*i + 6 + z = h. What is the units digit of i?
4
Suppose 0 = y + 5*i - 2, 2 = y - 0*y + i. Let p be (y/3)/((-2)/9). What is the tens digit of (-33 - p/3)/(-1)?
3
Let x(t) = 160*t**2 - 6*t - 7. Let k be x(-2). Let j = k - 450. What is the units digit of j?
5
What is the tens digit of 2826 - (-11 - (4 + -8))?
3
Let u be (2/5)/(18/(-720)). Let o(r) = -r**2 - 26*r - 18. What is the units digit of o(u)?
2
Let c = -44 + 16. Let b = c - -136. What is the units digit of b?
8
Suppose 0 = 2*q - 57 - 45. Let a = q + -37. What is the tens digit of a?
1
Suppose -5*a = -4*g + 38, -4*a - 25 = -5*g - 9*a. Let s(n) = -5*n + 9. Let v(d) = 5*d - 9. Let q(b) = -3*s(b) - 2*v(b). What is the units digit of q(g)?
6
Let r = -138 - -139. What is the units digit of r - (1 - -2) - (-144 + -1)?
3
Let h be ((-9)/6)/((-9)/12). Let c(w) = -5*w**2 - 2 + 4*w + 19*w**h - 4*w. What is the units digit of c(-2)?
4
Let u(t) = t**3 + 12*t**2 + t + 1916. What is the units digit of u(0)?
6
Let n be 3*1 + (-1 - -2). Suppose -6 = -p - 3*v + 5, n*v - 33 = -5*p. Suppose 3*b = -3*u + 21, -p*b - 1 = 2*u - 24. What is the units digit of u?
4
Let f = 1793 + 65. What is the thousands digit of f?
1
Suppose -2*g - x = -50, 2*x = -3*g + 4*x + 75. Suppose -2*n = -17 - g. What is the tens digit of n?
2
What is the tens digit of (-27 - -23)/(-1*(-2)/(-129))?
5
What is the thousands digit of (2668/115)/(6/795)?
3
Suppose 7*j - 5*j - 4*l = 872, -3*j = 4*l - 1278. What is the tens digit of j?
3
Let a(l) = 2*l**3 + 5*l**2 - 4*l + 3. What is the units digit of a(5)?
8
Suppose -20 = -4*g - 5*a, 0*a + 12 = 3*a. Let h be 1*g*2/(-4). What is the tens digit of -3*(h + 19/(-3))?
1
Let l = -9 - -9. Suppose 2*v - 4 + 6 = l. What is the units digit of (2 + -1*15)*v?
3
Let u be (-6 - -17) + 0/2. Let c(f) = f**2 - 7*f + 18. What is the tens digit of c(u)?
6
What is the tens digit of ((-6)/12)/((-3)/3594)?
9
Suppose 0 = -7*l - 10*l + 2873. What is the units digit of l?
9
Let g = -2238 + 3399. What is the thousands digit of g?
1
Suppose -5*w + 12356 = 2*s, 5*w - 4*w - 2474 = s. What is the hundreds digit of w?
4
Let u = 45 - 40. Suppose -2*w - 11 = u*n - 107, -w - 2*n = -49. What is the units digit of w?
3
Suppose -277*w + 269*w = -1912. What is the tens digit of w?
3
Let c be -1 - -3 - -44 - 8. Let s = 16 - -8. Let v = c - s. What is the units digit of v?
4
Suppose 0 = -o + 2*w + 35, 0 = 5*o - o + 4*w - 80. Suppose -l = 4*l - o. What is the units digit of l?
5
Let t = 195 - 101. Suppose -t = -2*y - 10. What is the units digit of y?
2
Let v(g) = 38*g**2 - 10*g + 80. What is the hundreds digit of v(7)?
8
What is the tens digit of 5144/(-3)*66/(-88)?
8
Let u = -3 - -3. Let l(a) = 7*a**2 + 14*a**2 + u*a - a. What is the units digit of l(1)?
0
Suppose -20*j + 8965 = 485. What is the units digit of j?
4
Let f be (-2 - -5 - 49)*-5. Let c be 18/(-4)*f/(-15). Suppose 0 = -2*h + c - 1. What is the tens digit of h?
3
Let i(x) = x**3 + 17*x**2 - 28*x - 20. Let y be 12/(4/10*(-5)/3). What is the hundreds digit of i(y)?
1
Suppose t + 9*t - 5270 = 0. What is the tens digit of t?
2
Suppose 0 = -2*u + a + 4941, 2*a = -2*u - 0*u + 4950. What is the tens digit of u?
7
Let x be (252/(-15))/((-3)/20). Suppose -5*j + 4*j = -2*k - 23, 4*j - 3*k - x = 0. What is the tens digit of j?
3
Let a(m) = -m**2 + m - 1. Let o(r) = -r**2 - 3*r - 1. Let v(s) = 2*a(s) - o(s). Let y be v(6). Let b = 7 - y. What is the tens digit of b?
1
Let c(y) = -y**3 + 8*y**2 + 10*y - 51. What is the units digit of c(7)?
8
Suppose -23 = -4*x - w, -2*x - 3*x + 40 = 5*w. Suppose -x = 5*l, -2*l + 14 = -2*v + 3*v. What is the tens digit of v?
1
Let m = -41 - -55. Let u = m + -6. What is the units digit of u?
8
Let t(k) = 50*k + 2 - 3 - 16. What is the tens digit of t(4)?
8
Let n(v) = -v + 5. Let f be n(5). Suppose 3*j + 17 + 37 = -3*c, f = 4*c + 3*j + 73. Let d = 45 + c. What is the units digit of d?
6
Let q be (-42)/147 - (-187)/(-7). What is the units digit of (-1 - 2 - q)*11?
4
Let a = -5 + 23. Suppose 2*f + l + 16 = 6*f, -2*f + 3*l = -a. Suppose -f*c + 7 = -32. What is the tens digit of c?
1
Let t(g) be the second derivative of g**5/5 + g**4/4 - 7*g**3/6 + 2*g**2 + 13*g. What is the units digit of t(2)?
4
Let j(w) be the first derivative of -w**3/3 - 13*w**2/2 + 19*w + 3. Let g = -44 + 30. What is the units digit of j(g)?
5
Let n = 15 - 15. Let a(c) = -c**2 - c + 2*c - 8 + n*c - 9*c. What is the units digit of a(-6)?
4
Let s(n) be the second derivative of 7*n**5/20 + n**4/12 - n**3/6 - n**2/2 - 6*n. Let i be s(2). Let l = -30 + i. What is the tens digit of l?
2
What is the tens digit of 7998/15 + (-9)/45?
3
Let q(o) = 9*o - 56. Let j be q(-8). Let f = j - -198. What is the units digit of f?
0
Let j(z) = -z**3 + 7*z**2 + z - 7. Let i be j(7). Suppose -3*q + 12 = 3*n, -q + 5*n = -4*q + 20. What is the tens digit of q - (i + -14 + 0)?
1
Let v(q) = q**3 + 9*q**2 + 9*q + 9. Let x be (-8)/(-4)*(-7)/2. What is the tens digit of v(x)?
4
Suppose -4*h - 2*c = -178, -h = -0*c + 3*c - 37. Let n be h/(-14) - (-2)/7. What is the tens digit of 20*(-3)/(2*n)?
1
Let d = 760 + -330. What is the units digit of d?
0
Suppose -a - 2*s + 1 = 16, 0 = -5*a - 3*s - 47. Let i(o) = -6*o - 20. What is the units digit of i(a)?
2
Let o(d) be the third derivative of d**5/30 + 7*d**4/24 - d**3/2 + 4*d**2. What is the units digit of o(-7)?
6
Suppose -14*w + 70 = -0*w. Suppose -w*c - 44 = -134. What is the tens digit of c?
1
Suppose 4*n - 2*t = 1510, 4*t - 735 = -2*n + t. Let a = n - 240. What is the tens digit of a/(-10)*(-8)/6?
1
Let b = 140 + -69. Suppose 0 = 3*h + 5*c - 395, -b = -2*h - 2*c + 195. What is the tens digit of h?
3
Suppose b = 4*b + 2*r - 36, -r + 36 = 3*b. Suppose b*u = 15*u - 27. What is the units digit of u?
9
Let t be (3 - -1 - 3) + 4. Let r = -2 + 34. Suppose 5*n + t*m - 44 = 2*n, 2*m - r = -2*n. What is the units digit of n?
8
Let v = 274 - -1054. What is the thousands digit of v?
1
Let v(l) = -7*l**2 + 4*l + 5. Let b(n) = -4*n**2 + 2*n + 2. Let g(y) = 5*b(y) - 3*v(y). What is the tens digit of g(7)?
3
Suppose -i + 4*c + 12 = 0, -c = 4*i - 9*i + 22. Suppose i*x = -3*g + 124, 5*g - 80 = -3*x + 112. What is the tens digit of g?
3
Suppose -t - 2*f = 8 - 2, -5*f = 10. Let l(y) = 21*y**2 - 4. What is the units digit of l(t)?
0
Let y be (-2)/4 + 378/12. Suppose 0 = -3*d - y - 62. Let a = 51 + d. What is the tens digit of a?
2
Suppose -4*x + 455 = x. Suppose f - g - x = -3*g, 0 = f + 5*g - 88. What is the units digit of f?
3
Let s be ((-5)/2)/(2/(-92)). Suppose 0 = 3*w + 2*w + s. Let u = w + 38. What is the tens digit of u?
1
Let k(q) = -406*q**3 - q**2 + 2 + 405*q**3 - q - 2*q**2. What is the units digit of k(-4)?
2
Suppose 276 = 3*p + 15*j - 18*j, -3*j - 187 = -2*p. Let f(o) = -2*o**3 + o**2 + 5. Let t be f(-4). Let b = t - p. What is the units digit of b?
0
Suppose 0 = -4*c, -3*o = 6*c - 2*c - 6. Suppose 0 = -g + o*j + 240, -g + 222 = 4*j - 0*j. What is the tens digit of g?
3
Let t = -153 + 226. Suppose u - t = -3. What is the units digit of u?
0
Suppose -4*b = -44 - 3284. Suppose -18*u + 5*u + b = 0. What is the units digit of u?
4
Let i be 260/8*(2 - 18/15). Suppose -i*k = -22*k - 360. What is the tens digit of k?
9
What is the hundreds digit of 376 + 2*12/(-3)?
3
Suppose 5*l + r - 280 = 3*r, -224 = -4*l - 4*r. Suppose -54 = 10*x + 256. Let d = l + x. What is the tens digit of d?
2
Suppose -25519 = -42*g + 4385. What is the tens digit of g?
1
Let x(s) = -s**2 + s + 2. Let y be x(0). Let u be 2 - 0/(1 + 2). Suppose 0 = -r - u*v - 3, -r - y*r + v + 5 = 0. What is the units digit of r?
1
Suppose -444*p + 439*p + 6110 = 0. What is the hundreds digit of p?
2
Let b(r) = -r. Let a(d) = 72*d + 2. Let i(g) = -a(g) - 6*b(g). What is the units digit of i(-1)?
4
Let b(c) = c**3 - 4*c**2 + 2*c + 2. Let u be b(5). Let d = -159 - -154. Let s = d + u. What is the units digit of s?
2
Let a = 11 + -8. Suppose 2*s = -2*r + 20, 7*s - 34 = 2*s + a*r. Suppose -s*q = -6*q - 44. What is the tens digit of q?
2
Suppose 63 = 11*s - 2*s. Let o = s - -184. What is the hu